e remainder when m is divided by 29?
24
Suppose -21*v - 56 = -7*v. Calculate the remainder when v/2 + 6 - 38*-3 is divided by 12.
10
What is the remainder when (-159868)/(-15) - 104/(-585)*(-42)/(-56) is divided by 21?
11
Let v be 15/6*(4 + 4). Let r = v - 15. Suppose 29 = r*l - 11. What is the remainder when 12 is divided by l?
4
Suppose -16 = -4*q + 8. Suppose 5*j + 5*p = 75, 0 = -j - q*p + 3*p + 5. Let u = 36 - 29. What is the remainder when j is divided by u?
6
Suppose -412*n + 420*n - 1012 = -260. What is the remainder when 2148 is divided by n?
80
Let b = 931 - 887. What is the remainder when (b/(-10))/(50/(-500)) is divided by 17?
10
Suppose 4844 + 35456 = 19*u - 6*u. Calculate the remainder when u is divided by 27.
22
Let s = 79 - 109. Let u = s + 48. Suppose -11*d = -u*d + 119. What is the remainder when 133 is divided by d?
14
Let x(p) = -19 - 36*p + 66*p - 5*p**2 - 39*p + p**3. Calculate the remainder when x(7) is divided by 9.
7
Suppose -2*i = -3*h + 9 + 171, 2*h + 2*i - 140 = 0. What is the remainder when 613 is divided by h?
37
Suppose 162 = 6*h - 48. Suppose 485 = 10*k - h. What is the remainder when 101 is divided by k?
49
What is the remainder when 282 is divided by (65250/675)/(4/6)?
137
Let g be (4 + -1)*-4*(-1)/3. Suppose 0 = h, c - 6*h - 18 = -g*h. What is the remainder when 194 is divided by c?
14
Let n(d) = -d**3 + 10*d**2 + 15*d - 35. Let v be n(11). Suppose 9*p - 5*s - 69 = 6*p, 3*s = -v. Calculate the remainder when 67 is divided by p.
13
Suppose 2*c = 4*y - 18, -5*y + 0*c + 30 = -4*c. Suppose -3*p + 4*p - 24 = 2*k, -k = y. What is the remainder when 96 is divided by p?
16
Let m(v) = -9*v**3 - 73*v**2 - 7*v + 58. Calculate the remainder when 949 is divided by m(-8).
49
Let i(u) = -8*u**3 + 3*u**2 + 14*u + 9. What is the remainder when 276 is divided by i(-2)?
48
Let w = 5 + 31. Let n be (4 - -2) + -6 + 3. Suppose -3*x + 7*x - 576 = -2*z, 0 = -2*x - n*z + 296. What is the remainder when x is divided by w?
34
Let i = 52 + -47. Let j(m) = m**3 - 4*m**2 - 7*m + 8. Let z be j(i). What is the remainder when (-149)/z + (-2)/(-4) is divided by 19?
18
Let l be (-2 - 152/(-6))*(-36)/(-15). Suppose -4*q - u = 2*u - 139, q + 5*u = l. Calculate the remainder when 493 is divided by q.
28
Let i(x) = -x**2 - 123*x + 1389. Calculate the remainder when i(-74) is divided by 33.
32
Suppose -5*h + 75 = -2*h. Let k = -37 - -35. What is the remainder when (-196)/(4*k/4) is divided by h?
23
Let n(o) = -2*o - 1. Let s(r) = -r**2 - 11*r + 3. Let x(t) = 2*n(t) - s(t). What is the remainder when 219 is divided by x(5)?
54
Let j(z) be the first derivative of -3*z**4/4 + 43*z**3/3 - 15*z**2/2 + 24*z + 56. Suppose -3 = -y + 3. Calculate the remainder when j(14) is divided by y.
4
Let m(k) = 2*k**2 - 8*k + 5. Suppose -h - 4*t + 66 = 0, 3*t + 410 - 70 = 4*h. Calculate the remainder when h is divided by m(6).
24
Let s(b) = 28*b**2 - b - 1. Let y(l) = -l**2 - 11*l + 14. Let k be y(-11). Suppose -k*z - 10 = -4*z. Calculate the remainder when s(z) is divided by 6.
4
Let j(s) = -1. Let k(x) = 13*x - 111. Let l(g) = -6*j(g) - k(g). Calculate the remainder when l(-15) is divided by 25.
12
Let x = 6585 + -6497. Calculate the remainder when 290 is divided by x.
26
Calculate the remainder when (6 + -186)/(3/(-2)) is divided by (76/(-3))/(((-87)/261)/(2/4)).
6
Let p = -42 - -82. Let u(l) = 6*l - 9. Let o be u(4). Suppose -n = -1 - o. Calculate the remainder when p is divided by n.
8
Let y(i) = -9*i + 72. Let u = -2117 + 2169. Calculate the remainder when u is divided by y(6).
16
Let m(w) = w**2 - 12*w - 203. Let a be m(32). Suppose 20 = 5*c, -g + a = 2*c - 230. Calculate the remainder when g is divided by 6.
5
Let d(k) = 18*k - 3. Let h(j) = 91*j - 13. Let o(g) = 22*d(g) - 4*h(g). Let y be o(-3). Let w = 162 + y. What is the remainder when w is divided by 27?
25
Let r = -2827 - -3180. What is the remainder when r is divided by 7?
3
Let y = -1451 - -1566. What is the remainder when y is divided by 53?
9
Suppose -21*h - 20 = -4*i - 17*h, -5*i = -3*h - 25. Let a = 0 - -6. Calculate the remainder when a is divided by i.
1
Let i = -483 + 720. Suppose 2*y + 3*y = 240. What is the remainder when i is divided by y?
45
Let o(s) = 80*s - 6463. What is the remainder when 831 is divided by o(91)?
14
Suppose 59*n = 54*n - 70. Let b(o) = -40*o - 335. What is the remainder when b(n) is divided by 12?
9
Let m(z) = -z**2 + 12*z + 14. Let d = -9 + 19. Suppose -101*a = -103*a + v + 199, 5*a - 511 = -2*v. What is the remainder when a is divided by m(d)?
33
Let a(b) = 15*b + 180. Let i be a(-10). Let m(q) = 2*q**2 + 4*q. Let f be m(-3). Suppose 0 = f*w - 168 + i. Calculate the remainder when w is divided by 7.
2
Suppose -2*a + 381 + 343 = 2*b, 7*a - 1439 = -4*b. What is the remainder when 3301 is divided by b?
16
Let q(h) = -h**3 - 21*h**2 - 11*h - 7. Let g(v) = v**3 + 20*v**2 + 14*v + 7. Let y(d) = -3*g(d) - 2*q(d). Calculate the remainder when 217 is divided by y(-17).
41
Let g(p) be the second derivative of -11*p**3/6 + 7*p**2 - 13*p. Let z be g(-26). Suppose 3*b = -0*b + z. Calculate the remainder when b is divided by 52.
48
Suppose -97 = 2*p + h - 4, 4*p + 5*h + 189 = 0. Let g = p + 86. Calculate the remainder when g is divided by (-2)/(-10)*185/(-74)*-28.
12
Suppose 1041*x - 1046*x - 4*z = -1447, 2*x = -5*z + 572. Calculate the remainder when 1008 is divided by x.
135
Suppose -4*m = g - 95, 5*m + g = 2*g + 112. Suppose 29*z + 933 - 3195 = 0. What is the remainder when z is divided by m?
9
Suppose -g + 520 = 4*n, 15*g = 10*g + n + 2474. Calculate the remainder when g is divided by 97.
11
Let i = 15195 + -14717. What is the remainder when 957 is divided by i?
1
Let y be (-8)/(-4) + -11 + -2. Let r(t) = t**2 + 8*t - 29. Let v(n) = -4*n + 7. Calculate the remainder when v(-4) is divided by r(y).
3
Suppose 0 = -5*o + 72 - 7. Let m(i) = -2*i**2 + 37*i - 5. Suppose -5*k + k = -b + 31, -5*k - 30 = -b. Calculate the remainder when m(o) is divided by b.
33
Suppose 19*m + 14*m + 3*m = 4536. Calculate the remainder when 511 is divided by m.
7
Let h = -100 - -96. What is the remainder when 38 is divided by (-2)/(-7) + 520/91 - h?
8
Let m be (12/(-5))/((-70)/1225). Calculate the remainder when m/5*(-11)/(-2)*5 is divided by 9.
6
Let o = 1418 + -1350. What is the remainder when 538 is divided by o?
62
Let k(x) = 42*x**2 + 1. Suppose -5 = -s, -c + 2*s - 12 = c. Suppose 2*q + 30*r - 31 = 25*r, -83 = -4*q - 3*r. What is the remainder when k(c) is divided by q?
20
Let k = 384 - 379. Suppose 2*x - 2 = 8. Suppose -81 = -5*p - 5*c + 29, -43 = -4*p + x*c. Calculate the remainder when p is divided by k.
2
Calculate the remainder when 80/64 - 990/(-8) is divided by (6/(-9))/(8/156*-1).
8
Let x = -175 - -260. Let k(n) be the second derivative of -11*n**3/6 + 121*n**2/2 - 7*n + 1. Calculate the remainder when x is divided by k(7).
41
Let w = -446 - -527. What is the remainder when 804 is divided by w?
75
Let s = 17598 - 17583. Calculate the remainder when 5697 is divided by s.
12
Suppose -10 = 5*s - 35. Let g = 869 + -851. Suppose s*j + j - g = 0. What is the remainder when 10 is divided by j?
1
Let g(b) = b**2 + 6*b + 10. Let z be g(-5). Let h(a) = -z - 6*a**2 + 2*a**3 + 7 - 6*a - 3*a**3. What is the remainder when 19 is divided by h(-5)?
5
Let y be (-4)/(-6) - 4/(-3). Let d be 4/y + 46*12/(-8). Let k = d - -140. Calculate the remainder when k is divided by 38.
35
Suppose 0 = 4*z - d - 117, 3*z + 2*d - 88 = 3*d. Suppose 23*c - z = 22*c. Let u = 114 - 104. Calculate the remainder when c is divided by u.
9
Let d(n) = n**2 + 4*n - 3. Suppose -13*k = -28*k - 75. Let p be d(k). What is the remainder when 58 is divided by (-2)/4 + (21/p - 0)?
8
Let j(n) = -n**3 + 14*n**2 - 14*n + 15. Let d be j(13). Let u(v) = 24*v - 6. Calculate the remainder when 82 is divided by u(d).
40
Let i be 2 + 1 - (3 - 194). Suppose -12*q + 10*q = -i. Suppose -b = 2*g - 32 - 23, 15 = 3*b. What is the remainder when q is divided by g?
22
Suppose -1899 = -3*j + 6663. What is the remainder when j is divided by 51?
49
Suppose s - 875 = -4*s. Let h(d) = 2*d**3 + 34*d**2 - 32*d + 94. What is the remainder when s is divided by h(-18)?
21
Suppose -2*a + 19*i + 214 = 17*i, -2*a + 3*i = -219. Calculate the remainder when 179 is divided